{"id":944,"date":"2020-09-04T22:51:51","date_gmt":"2020-09-04T20:51:51","guid":{"rendered":"http:\/\/archersdebollene.fr\/?page_id=944"},"modified":"2020-09-05T22:38:06","modified_gmt":"2020-09-05T20:38:06","slug":"ques-que-le-tir-a-larc","status":"publish","type":"page","link":"https:\/\/archersdebollene.fr\/index.php\/ques-que-le-tir-a-larc\/","title":{"rendered":"Qu&rsquo;es que le tir \u00e0 l&rsquo;arc ?"},"content":{"rendered":"<h3><strong><em>Les disciplines :<\/em><\/strong><\/h3>\n<h4>Tir en salle<\/h4>\n<p>En comp\u00e9tition, le tir en salle se pratique \u00e0 18 m\u00e8tres sur blasons (cible) de \u00f8 40 cm (ou \u00f8 60 cm \u00e0 25 m<u>)<\/u> ou sur \u00ab trispots \u00bb (trois spots align\u00e9s, \u00e9quivalents aux zones centrales du blason de \u00f8 40 cm ou \u00f8 60 cm), en deux fois 10 vol\u00e9es de 3 fl\u00e8ches soit 60 fl\u00e8ches (sur les trispots, une fl\u00e8che par spot).<\/p>\n<p>En France, les 2 cat\u00e9gories Arcs nus (<i>barebow<\/i>) Hommes et Femmes ont \u00e9t\u00e9 cr\u00e9\u00e9es en 2006 et tirent sur cibles de \u00f8 40 cm \u00e0 18 m. Depuis 2007, les jeunes \u00ab poussins \u00bb peuvent concourir et doivent tirer sur blasons de 80 cm de diam\u00e8tre. Les Benjamins et Minimes tirent sur des blasons \u00f8 60 cm \u00e0 18 m et \u00f8 80 cm \u00e0 25 m.<\/p>\n<p>Il existe aussi une discipline appel\u00e9e \u00ab\u00a0FITA Salle\u00a0\u00bb qui est l&rsquo;ancienne formule du tir en salle o\u00f9 l&rsquo;on tire aux distances (<span class=\"nowrap\">60 fl\u00e8ches<\/span> \u00e0 18 m\u00a0et\u00a0<span class=\"nowrap\">60 fl\u00e8ches<\/span> \u00e0 25 m, ordre au choix de l&rsquo;organisateur).<\/p>\n<h4><span id=\"Tir_en_ext.C3.A9rieur\"><\/span><span id=\"Tir_en_ext\u00e9rieur\" class=\"mw-headline\">Tir en ext\u00e9rieur<\/span><\/h4>\n<div class=\"thumb tright\">\n<div class=\"thumbinner\">\n<div class=\"thumbcaption\">Un concours ext\u00e9rieur.<\/div>\n<\/div>\n<\/div>\n<p>Tir sur cible en plein air, sur terrain plus ou moins plat (par ex. un terrain de sport).<\/p>\n<p>En arc classique, il s&rsquo;agit de la discipline\u00a0olympique, et se pratique \u00e0 une distance de 70 m\u00a0sur blason de 1,22 m.<\/p>\n<p>La distance est r\u00e9duite pour les cat\u00e9gories \u00ab jeunes \u00bb : 60 m pour les cadets, 40 m pour les minimes et 30 m pour les benjamins. Pour ces deux derni\u00e8res cat\u00e9gories, le blason est r\u00e9duit \u00e0 80 cm.<\/p>\n<p>Depuis 2011, les arcs \u00e0 poulies tirent \u00e0 50 m\u00a0sur blason de 80 cm r\u00e9duit au 5 (c&rsquo;est-\u00e0-dire qu&rsquo;il n&rsquo;y a pas les zones de score de 1 \u00e0 4 points).<\/p>\n<h4><span id=\"Tir_en_campagne\" class=\"mw-headline\">Tir en campagne<\/span><\/h4>\n<div class=\"bandeau-container bandeau-section metadata bandeau-niveau-information\">\n<div class=\"bandeau-cell bandeau-icone-css loupe\"><\/div>\n<\/div>\n<p>Discipline internationale, qui se pratique en terrain accident\u00e9 \u00e0 d\u00e9couvert ou en sous-bois, sur un parcours de 24 cibles dont les distances sont\u00a0:<\/p>\n<ul>\n<li>12 connues et 12 inconnues (panachage au choix de l&rsquo;organisateur)\u00a0; c&rsquo;est ce qui est pratiqu\u00e9 au Championnat de France.<\/li>\n<\/ul>\n<p>Les distances connues vont de 5 \u00e0 60 m, les distances inconnues de 10 \u00e0 55 m pour les classiques et arc \u00e0 poulie. Pour les arcs nus (sans viseur), les distances vont de 5 \u00e0 45 m en inconnues et de 5 \u00e0 50 m en connues. L&rsquo;archer tire une vol\u00e9e de trois fl\u00e8ches par cible, soit un total de 72 fl\u00e8ches. Il dispose de 3 minutes pour tirer ses trois fl\u00e8ches (avant le 1er janvier 2008, il tirait en 4 minutes).<\/p>\n<p>On trouve 4 types de blasons en tir campagne\u00a0: les\u00a0<i>birdies<\/i> qui sont des trispots de 20 cm\u00a0de diam\u00e8tre. On en trouve quatre par cible, un par archer du peloton ; elles sont utilis\u00e9es pour les tr\u00e8s courtes distances. Les \u00ab gazini\u00e8res \u00bb de 40 cm de diam\u00e8tre permettent de tirer \u00e0 des distances courtes. On en trouve \u00e9galement quatre par cible. Enfin, les \u00ab 60 \u00bb et \u00ab 80 \u00bb permettent de tirer \u00e0 longue distance. Leurs noms indiquent le diam\u00e8tre des blasons.<\/p>\n<p>Il existe 3 cat\u00e9gories dans le r\u00e8glement international\u00a0:<\/p>\n<ul>\n<li>Arc classique\u00a0;<\/li>\n<li>Arc \u00e0 poulie (compound)\u00a0;<\/li>\n<li>Arc nu (<i>bare-bow<\/i>). L&rsquo;arc n&rsquo;a aucun accessoire (ni viseur, ni stabilisateur\u2026).<\/li>\n<\/ul>\n<p>Le \u00ab\u00a0<i>Longbow<\/i> \u00bb n&rsquo;est pas une cat\u00e9gorie reconnue par la WA (r\u00e8glement international) ni par la FFTA (3A6 du r\u00e8glement de d\u00e9cembre 2005).<\/p>\n<p>En tir par \u00e9quipe, une \u00e9quipe est compos\u00e9e d&rsquo;un archer de chacune des trois armes (r\u00e8glement international).<\/p>\n<h4><span id=\"Tir_Nature\" class=\"mw-headline\">Tir Nature<\/span><\/h4>\n<p>Le tir nature est un parcours de 42 ou 2&#215;21 cibles plac\u00e9es \u00e0 distances variables (5 \u00e0 40\u00a0<abbr class=\"abbr\" title=\"m\u00e8tre\">m<\/abbr>) qui se pratique en pleine nature. Les cibles sont des images animali\u00e8res comportant une zone tu\u00e9e et une zone bless\u00e9e. Sur chaque cible l&rsquo;archer doit \u00e9valuer la distance et tirer 2 fl\u00e8ches en 30 ou 45 secondes (en fonction du type d&rsquo;arc ou de la cat\u00e9gorie d&rsquo;\u00e2ge), chaque fl\u00e8che \u00e9tant tir\u00e9e d&rsquo;un pas de tir diff\u00e9rent. Un concours officiel se d\u00e9roule sur 2 parcours de 21 cibles dans la journ\u00e9e. La discipline requiert les caract\u00e9ristiques suivantes\u00a0: d\u00e9placement et tir rapide, pr\u00e9cision. En aucun cas cette discipline ne doit \u00eatre compar\u00e9e \u00e0 la\u00a0chasse\u00a0o\u00f9 la distance de tir ne doit jamais exc\u00e9der 20\u00a0m\u00e8tres. Il arrive r\u00e9guli\u00e8rement que la position du tireur soit complexe pour avoir un bon angle de tir.<\/p>\n<p>Les points sont compt\u00e9s de la fa\u00e7on suivante\u00a0:<\/p>\n<ul>\n<li>1\u00e8re fl\u00e8che : zone tu\u00e9e 20 points, zone bless\u00e9e 15 points.<\/li>\n<li>2nd fl\u00e8che : zone tu\u00e9e 15 points, zone bless\u00e9e 10 points.<\/li>\n<\/ul>\n<h4><span id=\"Tir_3D\" class=\"mw-headline\">Tir 3D<\/span><\/h4>\n<p>Le tir 3D est relativement r\u00e9cent. Il tient son nom du fait que l&rsquo;archer ne tire pas sur une repr\u00e9sentation en deux dimensions, mais sur la r\u00e9plique d&rsquo;un animal. L&rsquo;id\u00e9e \u00e9tant de se rapprocher d&rsquo;une situation de chasse. Il existe de nombreuses r\u00e9glementations \u00e0 travers le monde, o\u00f9 il faut trouver la fen\u00eatre de tir optimale.<\/p>\n<p>Pour le tir 3D de la World Archery Federation, les r\u00e8gles suivantes s&rsquo;appliquent :<\/p>\n<ul>\n<li>L&rsquo;archer dispose de 1 min 30 s pour tirer deux fl\u00e8ches en qualification, une minute pour tirer une seule fl\u00e8che en duel (World Archery 24.7).<\/li>\n<li>l&rsquo;utilisation de jumelles est autoris\u00e9e jusqu&rsquo;\u00e0 un grossissement x8.5\u00a0;<\/li>\n<li>l&rsquo;overdraw est interdit pour les arcs \u00e0 poulies.<\/li>\n<\/ul>\n<h3><em><strong>Les diff\u00e9rents types d&rsquo;arc :<\/strong><\/em><\/h3>\n<p>Les arcs utilis\u00e9s de nos jours n&rsquo;ont plus rien \u00e0 voir avec leurs anc\u00eatres. Le bois a souvent \u00e9t\u00e9 remplac\u00e9 par des fibres de verre ou de carbone et de l&rsquo;aluminium. Ils sont \u00e9quip\u00e9s d&rsquo;un viseur, d&rsquo;un repose-fl\u00e8che, de stabilisateurs, d&rsquo;amortisseurs, de poids, et, pour certains, de cames (poulies dont l&rsquo;axe est excentr\u00e9) qui d\u00e9multiplient la puissance de l&rsquo;arc. Ainsi, lors des comp\u00e9titions, les fl\u00e8ches tir\u00e9es vers la cible peuvent avoir une vitesse d\u00e9passant\u00a0<span title=\"83,333\u00a04 m\/s\">300 km\/h.<\/span><\/p>\n<p>Parmi les arcs modernes, on distingue plusieurs types d&rsquo;arc\u00a0:<\/p>\n<ul>\n<li style=\"list-style-type: none;\">\n<ul>\n<li>les arcs longs ou\u00a0<i>longbow<\/i>, descendants des\u00a0arcs anglais, n&rsquo;ayant qu&rsquo;une seule courbure de branche.<\/li>\n<li>les\u00a0arcs \u00e0 poulies\u00a0ou arcs\u00a0<i>compound<\/i>\u00a0: un syst\u00e8me de poulies permet de d\u00e9multiplier la force, une poulie asym\u00e9trique permet d&rsquo;avoir une bonne acc\u00e9l\u00e9ration au moment du d\u00e9cochage, ainsi qu&rsquo;une force de maintien plus faible.<\/li>\n<li>l&rsquo;arc \u00ab\u00a0<i>recurve<\/i>\u00a0\u00bb classique\u00a0: arc utilis\u00e9 aujourd&rsquo;hui en comp\u00e9tition cat\u00e9gorie classique (cat\u00e9gorie olympique)\u00a0; la forme dite \u00ab\u00a0<i>recurve<\/i>\u00a0\u00bb (branches recourb\u00e9es) existe aussi pour les arcs chasse (\u00ab\u00a0monobloc\u00a0\u00bb ou non).<\/li>\n<\/ul>\n<\/li>\n<\/ul>\n","protected":false},"excerpt":{"rendered":"<p>Les disciplines : Tir en salle En comp\u00e9tition, le tir en salle se pratique \u00e0 18 m\u00e8tres sur blasons (cible) de \u00f8 40 cm (ou \u00f8 60 cm \u00e0 25 m) ou sur \u00ab trispots \u00bb (trois spots align\u00e9s, \u00e9quivalents aux zones centrales du blason de \u00f8 40 cm ou \u00f8 60 cm), en deux &hellip; <\/p>\n<p class=\"link-more\"><a href=\"https:\/\/archersdebollene.fr\/index.php\/ques-que-le-tir-a-larc\/\" class=\"more-link\">Continuer la lecture<span class=\"screen-reader-text\"> de &laquo;&nbsp;Qu&rsquo;es que le tir \u00e0 l&rsquo;arc ?&nbsp;&raquo;<\/span><\/a><\/p>\n","protected":false},"author":1,"featured_media":0,"parent":0,"menu_order":0,"comment_status":"closed","ping_status":"closed","template":"","meta":{"footnotes":""},"class_list":["post-944","page","type-page","status-publish","hentry"],"_links":{"self":[{"href":"https:\/\/archersdebollene.fr\/index.php\/wp-json\/wp\/v2\/pages\/944","targetHints":{"allow":["GET"]}}],"collection":[{"href":"https:\/\/archersdebollene.fr\/index.php\/wp-json\/wp\/v2\/pages"}],"about":[{"href":"https:\/\/archersdebollene.fr\/index.php\/wp-json\/wp\/v2\/types\/page"}],"author":[{"embeddable":true,"href":"https:\/\/archersdebollene.fr\/index.php\/wp-json\/wp\/v2\/users\/1"}],"replies":[{"embeddable":true,"href":"https:\/\/archersdebollene.fr\/index.php\/wp-json\/wp\/v2\/comments?post=944"}],"version-history":[{"count":3,"href":"https:\/\/archersdebollene.fr\/index.php\/wp-json\/wp\/v2\/pages\/944\/revisions"}],"predecessor-version":[{"id":1216,"href":"https:\/\/archersdebollene.fr\/index.php\/wp-json\/wp\/v2\/pages\/944\/revisions\/1216"}],"wp:attachment":[{"href":"https:\/\/archersdebollene.fr\/index.php\/wp-json\/wp\/v2\/media?parent=944"}],"curies":[{"name":"wp","href":"https:\/\/api.w.org\/{rel}","templated":true}]}}